{"id":56,"date":"2024-04-21T18:10:48","date_gmt":"2024-04-21T18:10:48","guid":{"rendered":"https:\/\/dev.brfporten4.se\/blog\/?page_id=56"},"modified":"2024-04-21T18:10:48","modified_gmt":"2024-04-21T18:10:48","slug":"internet-tv","status":"publish","type":"page","link":"https:\/\/dev.brfporten4.se\/blog\/?page_id=56","title":{"rendered":"Internet &amp; TV"},"content":{"rendered":"\n<h1 class=\"wp-block-heading\"><\/h1>\n\n\n\n<p>F\u00f6reningens fastigheter har kabel-TV och bredband, med uttag i varje l\u00e4genhet.<\/p>\n\n\n\n<h2 class=\"wp-block-heading\">Bredband<\/h2>\n\n\n\n<p>En kollektivanslutning g\u00e4ller f\u00f6r f\u00f6reningen mot bredbandsleverant\u00f6ren Bahnhof. I avgiften till f\u00f6reningen ing\u00e5r en bredbandsanslutning p\u00e5 10\u2019000\/10\u2019000 Mbit\/s fiber samt kostnadsfri router (denna router tillh\u00f6r l\u00e4genheten och skall efterl\u00e4mnas till n\u00e4sta k\u00f6pare).&nbsp;<\/p>\n\n\n\n<h2 class=\"wp-block-heading\">Kabel-TV<\/h2>\n\n\n\n<p>F\u00f6reningen har ett distributionsavtal med Tele2 om digital-TV som motsvarar basutbudet i Stockholmsregionen. Vilka kanaler som ing\u00e5r i basutbudet hittar du p\u00e5 <a href=\"https:\/\/www.tele2.se\/tele2-hus\">https:\/\/www.tele2.se\/tele2-hus<\/a><br>Med f\u00f6reningens basavtal som grund kan du fr\u00e5n Tele2 k\u00f6pa personliga l\u00f6sningar som passar ditt behov. Ut\u00f6ver Tele2 finns ocks\u00e5 m\u00f6jlighet att avtala TV via bredbandsleverant\u00f6ren Bahnhof, mer information hittar du p\u00e5: <a href=\"https:\/\/bahnhof.se\/privat\/play-tv\/\">https:\/\/bahnhof.se\/privat\/play-tv\/<\/a><\/p>\n","protected":false},"excerpt":{"rendered":"<p>F\u00f6reningens fastigheter har kabel-TV och bredband, med uttag i varje l\u00e4genhet. Bredband En kollektivanslutning g\u00e4ller f\u00f6r f\u00f6reningen mot bredbandsleverant\u00f6ren Bahnhof. &hellip; <a href=\"https:\/\/dev.brfporten4.se\/blog\/?page_id=56\" class=\"more-link\">Continue reading <span class=\"screen-reader-text\">Internet &amp; TV<\/span><\/a><\/p>\n","protected":false},"author":1,"featured_media":0,"parent":0,"menu_order":0,"comment_status":"closed","ping_status":"closed","template":"","meta":{"footnotes":""},"jetpack_sharing_enabled":true,"_links":{"self":[{"href":"https:\/\/dev.brfporten4.se\/blog\/index.php?rest_route=\/wp\/v2\/pages\/56"}],"collection":[{"href":"https:\/\/dev.brfporten4.se\/blog\/index.php?rest_route=\/wp\/v2\/pages"}],"about":[{"href":"https:\/\/dev.brfporten4.se\/blog\/index.php?rest_route=\/wp\/v2\/types\/page"}],"author":[{"embeddable":true,"href":"https:\/\/dev.brfporten4.se\/blog\/index.php?rest_route=\/wp\/v2\/users\/1"}],"replies":[{"embeddable":true,"href":"https:\/\/dev.brfporten4.se\/blog\/index.php?rest_route=%2Fwp%2Fv2%2Fcomments&post=56"}],"version-history":[{"count":1,"href":"https:\/\/dev.brfporten4.se\/blog\/index.php?rest_route=\/wp\/v2\/pages\/56\/revisions"}],"predecessor-version":[{"id":58,"href":"https:\/\/dev.brfporten4.se\/blog\/index.php?rest_route=\/wp\/v2\/pages\/56\/revisions\/58"}],"wp:attachment":[{"href":"https:\/\/dev.brfporten4.se\/blog\/index.php?rest_route=%2Fwp%2Fv2%2Fmedia&parent=56"}],"curies":[{"name":"wp","href":"https:\/\/api.w.org\/{rel}","templated":true}]}}