{"id":54,"date":"2024-04-21T18:09:57","date_gmt":"2024-04-21T18:09:57","guid":{"rendered":"https:\/\/dev.brfporten4.se\/blog\/?page_id=54"},"modified":"2024-04-21T18:09:57","modified_gmt":"2024-04-21T18:09:57","slug":"forvaltning","status":"publish","type":"page","link":"https:\/\/dev.brfporten4.se\/blog\/?page_id=54","title":{"rendered":"F\u00f6rvaltning"},"content":{"rendered":"\n<p>L\u00f6pande teknisk f\u00f6rvaltning och underh\u00e5ll av fastigheten sk\u00f6ts av Jorge Quesada AB. Kontaktuppgifter finns i trapphusen.<br>St\u00e4dning utf\u00f6rs var 14:e dag av st\u00e4dbolaget Prenia AB.<\/p>\n\n\n\n<h4 class=\"wp-block-heading\"><strong>Journummer<\/strong><\/h4>\n\n\n\n<figure class=\"wp-block-table\"><table  class=\" table table-hover\" ><tbody><tr><td>SOS Alarm \u2013 vid n\u00f6dsituation<\/td><td>112<\/td><\/tr><tr><td>F\u00f6r icke br\u00e5dskande fall<\/td><td>08-454 21 00<\/td><\/tr><tr><td>Polisen<\/td><td>114 14<\/td><\/tr><tr><td><\/td><td><\/td><\/tr><tr><td><strong>Vatten- och avloppsledningar<\/strong><\/td><td><\/td><\/tr><tr><td>Kontorstid Solna Vatten<\/td><td>08-82 79 64<\/td><\/tr><tr><td>\u00d6vrig tid<\/td><td>08-454 21 77<\/td><\/tr><tr><td><\/td><td><\/td><\/tr><tr><td><strong>Gasjour<\/strong><\/td><td><\/td><\/tr><tr><td>Kontorstid<\/td><td>08-666 01 90<\/td><\/tr><tr><td><\/td><td><\/td><\/tr><tr><td><strong>Gata och park, Sn\u00f6r\u00f6jning, sandsopning, nedbl\u00e5sta&nbsp;tr\u00e4d, klotter, skadeg\u00f6relse m.m.<\/strong><\/td><td><\/td><\/tr><tr><td>Akut jourtelefon<\/td><td>070-779 42 00<\/td><\/tr><\/tbody><\/table><\/figure>\n","protected":false},"excerpt":{"rendered":"<p>L\u00f6pande teknisk f\u00f6rvaltning och underh\u00e5ll av fastigheten sk\u00f6ts av Jorge Quesada AB. Kontaktuppgifter finns i trapphusen.St\u00e4dning utf\u00f6rs var 14:e dag &hellip; <a href=\"https:\/\/dev.brfporten4.se\/blog\/?page_id=54\" class=\"more-link\">Continue reading <span class=\"screen-reader-text\">F\u00f6rvaltning<\/span><\/a><\/p>\n","protected":false},"author":1,"featured_media":0,"parent":0,"menu_order":0,"comment_status":"closed","ping_status":"closed","template":"","meta":{"footnotes":""},"jetpack_sharing_enabled":true,"_links":{"self":[{"href":"https:\/\/dev.brfporten4.se\/blog\/index.php?rest_route=\/wp\/v2\/pages\/54"}],"collection":[{"href":"https:\/\/dev.brfporten4.se\/blog\/index.php?rest_route=\/wp\/v2\/pages"}],"about":[{"href":"https:\/\/dev.brfporten4.se\/blog\/index.php?rest_route=\/wp\/v2\/types\/page"}],"author":[{"embeddable":true,"href":"https:\/\/dev.brfporten4.se\/blog\/index.php?rest_route=\/wp\/v2\/users\/1"}],"replies":[{"embeddable":true,"href":"https:\/\/dev.brfporten4.se\/blog\/index.php?rest_route=%2Fwp%2Fv2%2Fcomments&post=54"}],"version-history":[{"count":1,"href":"https:\/\/dev.brfporten4.se\/blog\/index.php?rest_route=\/wp\/v2\/pages\/54\/revisions"}],"predecessor-version":[{"id":55,"href":"https:\/\/dev.brfporten4.se\/blog\/index.php?rest_route=\/wp\/v2\/pages\/54\/revisions\/55"}],"wp:attachment":[{"href":"https:\/\/dev.brfporten4.se\/blog\/index.php?rest_route=%2Fwp%2Fv2%2Fmedia&parent=54"}],"curies":[{"name":"wp","href":"https:\/\/api.w.org\/{rel}","templated":true}]}}